se 8
15232
What is -113411 (base 5) in base 14?
-1783
Convert -1323 (base 6) to base 8.
-523
10016 (base 9) to base 2
1100110110000
What is 110101110100 (base 2) in base 7?
13020
What is 11111001011 (base 2) in base 16?
7cb
What is 1014 (base 16) in base 6?
31020
21112002 (base 3) to base 11
4135
What is -20120 (base 5) in base 15?
-5aa
Convert -316 (base 10) to base 4.
-10330
What is -3665 (base 8) in base 13?
-b8a
What is -1827 (base 12) in base 10?
-2911
Convert 15103 (base 6) to base 14.
c47
Convert -144 (base 10) to base 3.
-12100
What is 3757 (base 8) in base 10?
2031
Convert 8c9 (base 14) to base 9.
2348
Convert -305 (base 10) to base 4.
-10301
-7631 (base 16) to base 7
-154133
Convert -baa6 (base 12) to base 16.
-505e
Convert -1212101 (base 3) to base 8.
-2520
What is 323 (base 15) in base 11?
594
What is -10311 (base 5) in base 13?
-424
Convert -1888 (base 16) to base 11.
-479a
Convert 202001 (base 3) to base 10.
541
What is -a118 (base 11) in base 12?
-794a
-529 (base 11) to base 3
-212120
Convert -15731 (base 11) to base 15.
-6887
Convert -2627 (base 9) to base 3.
-2200221
What is -30100 (base 4) in base 3?
-1002001
-2a8 (base 12) to base 6
-1532
What is 4600 (base 9) in base 10?
3402
12021200 (base 3) to base 6
25500
Convert -5341 (base 14) to base 11.
-a87a
Convert 246 (base 10) to base 16.
f6
Convert 14662 (base 8) to base 10.
6578
What is -100020200 (base 3) in base 2?
-1101001010101
What is -321113 (base 4) in base 7?
-13463
-88 (base 10) to base 13
-6a
What is 5163 (base 11) in base 5?
204340
-8266 (base 13) to base 15
-54ed
What is 28711 (base 9) in base 5?
1111111
What is 31323130 (base 4) in base 7?
325222
What is 3405 (base 8) in base 9?
2416
What is -12922 (base 16) in base 5?
-4413231
Convert -413 (base 9) to base 10.
-336
Convert -574 (base 14) to base 10.
-1082
Convert -450c (base 15) to base 13.
-687c
What is -100011100000010 (base 2) in base 9?
-26837
Convert -5734 (base 9) to base 13.
-1c15
Convert -455342 (base 6) to base 4.
-21132032
What is 113023 (base 4) in base 14?
77d
What is 85b (base 15) in base 9?
2525
Convert -8c32 (base 13) to base 5.
-1112040
Convert -14 (base 8) to base 10.
-12
What is 112004 (base 5) in base 14?
1660
-14e4 (base 16) to base 5
-132343
Convert -123544 (base 7) to base 15.
-6bca
Convert -14659 (base 12) to base 5.
-1403311
20 (base 6) to base 3
110
-31405 (base 6) to base 8
-10235
21120001 (base 3) to base 11
4159
What is 5525 (base 6) in base 8?
2375
Convert 5b52 (base 13) to base 14.
49c3
What is 1000211 (base 3) in base 6?
3251
What is -111001111111011 (base 2) in base 9?
-44650
What is -123001 (base 5) in base 16?
-128f
Convert -12579 (base 10) to base 15.
-3ad9
What is 45425 (base 7) in base 9?
16735
Convert a53 (base 11) to base 6.
5512
Convert 300200 (base 5) to base 9.
13832
What is -311 (base 12) in base 5?
-3240
1303 (base 5) to base 11
175
What is -635 (base 7) in base 15?
-165
18670 (base 12) to base 9
53633
13608 (base 9) to base 3
110200022
What is -3 (base 12) in base 4?
-3
9890 (base 11) to base 4
3023312
-4c70 (base 13) to base 4
-2222123
What is 6ba (base 14) in base 12?
938
-26405 (base 9) to base 8
-42641
Convert -17806 (base 9) to base 2.
-11000000011110
-13130310 (base 4) to base 5
-1434031
What is -836 (base 10) in base 11?
-6a0
What is -2a7 (base 15) in base 8?
-1137
What is 354110 (base 7) in base 6?
1211342
Convert 5b4 (base 16) to base 13.
884
Convert -210040 (base 8) to base 3.
-10112120011
10100011000 (base 2) to base 6
10012
Convert 146 (base 10) to base 8.
222
Convert -1110 (base 6) to base 13.
-16b
What is -1317 (base 15) in base 12?
-2434
-12311313 (base 4) to base 5
-1344043
What is 1012210 (base 4) in base 9?
6167
Convert -2000212 (base 4) to base 9.
-12254
-13212 (base 4) to base 15
-226
-221 (base 3) to base 4
-121
What is 1219 (base 13) in base 11?
1a15
1000000001001 (base 2) to base 8
10011
Convert -47b (base 13) to base 2.
-1100001010
What is 2c1 (base 13) in base 7?
1305
5755 (base 12) to base 8
22761
-17883 (base 12) to base 13
-1268a
Convert 5353 (base 6) to base 7.
3363
1a11 (base 13) to base 5
111101
-10 (base 8) to base 16
-8
What is -31025 (base 9) in base 12?
-b9ab
-118 (base 16) to base 8
-430
-4e2 (base 15) to base 7
-3146
Convert -9323 (base 11) to base 5.
-343432
-9359 (base 10) to base 16
-248f
-12af (base 16) to base 9
-6504
What is -1009 (base 13) in base 9?
-3021
5522 (base 13) to base 11
8a00
583 (base 11) to base 8
1270
-495 (base 14) to base 15
-410
1637 (base 11) to base 2
100000110001
What is -1a7 (base 14) in base 2?
-101010111
-305611 (base 7) to base 9
-78834
Convert 1100000000010111 (base 2) to base 6.
1015355
Convert 103 (base 10) to base 6.
251
Convert -3b77 (base 12) to base 13.
-3178
Convert -30159 (base 10) to base 12.
-15553
Convert -88 (base 15) to base 8.
-200
Convert -63616 (base 7) to base 4.
-3311332
What is 14442 (base 5) in base 3?
1201012
512 (base 16) to base 14
68a
What is 13020 (base 5) in base 11?
839
Convert 12c (base 13) to base 12.
153
-2889 (base 11) to base 7
-13603
Convert 12a4 (base 14) to base 6.
23104
Convert 2031 (base 6) to base 7.
1213
-13351 (base 6) to base 3
-2212011
Convert 11111 (base 4) to base 5.
2331
What is -10624 (base 7) in base 3?
-10201111
158a (base 12) to base 6
15454
What is -100110010100 (base 2) in base 7?
-10102
36264 (base 7) to base 10
9405
Convert 7545 (base 8) to base 12.
2345
Convert 1013332 (base 4) to base 2.
1000111111110
Convert -da2 (base 14) to base 6.
-20242
Convert 30a (base 12) to base 4.
12322
What is 346a (base 14) in base 6?
110102
Convert 210110 (base 3) to base 15.
289
What is -1101010100 (base 2) in base 14?
-44c
Convert 5412 (base 7) to base 10.
1920
Convert -34 (base 6) to base 15.
-17
-b30 (base 14) to base 8
-4226
Convert -1162 (base 7) to base 16.
-1b4
741 (base 11) to base 5
12032
What is 20021 (base 3) in base 16?
a9
What is -1b3 (base 13) in base 4?
-10323
Convert -1000100011110 (base 2) to base 5.
-120012
1326 (base 14) to base 3
11121200
1242 (base 8) to base 9
828
What is 10a4 (base 13) in base 5?
33311
Convert -113320 (base 5) to base 6.
-31254
12023 (base 4) to base 2
110001011
1838a (base 11) to base 15
796a
-30012 (base 7) to base 8
-16054
c4 (base 15) to base 10
184
Convert -1000011011011 (base 2) to base 12.
-25b7
Convert -770 (base 9) to base 14.
-330
Convert -1234 (base 9) to base 12.
-64a
-35225 (base 6) to base 15
-1772
What is 10121010 (base 3) in base 15?
b9c
What is 2667 (base 14) in base 7?
25460
Convert 192 (base 11) to base 16.
de
Convert -13090 (base 10) to base 2.
-11001100100010
9e84 (base 16) to base 4
21322010
Convert 304 (base 13) to base 4.
13333
Convert -305a (base 16) to base 11.
-9333
What is -10010110000 (base 2) in base 9?
-1573
Convert 32144 (base 6) to base 16.
1120
-3022131 (base 4) to base 5
-403312
17b (base 13) to base 10
271
Convert -2077 (base 10) to base 14.
-a85
Convert 25656 (base 7) to base 13.
3171
What is 30 (base 4) in base 15?
c
11b05 (base 12) to base 5
1232203
What is -368 (base 9) in base 15?
-155
-798 (base 16) to base 13
-b67
10012 (base 5) to base 10
632
What is -594 (base 13) in base 2?
-1111000110
Convert 111001100 (base 2) to base 7.
1225
121002 (base 3) to base 7
1160
What is -1a87 (base 13) in base 6?
-30302
Convert -2982a (base 12) to base 15.
-123aa
What is -250 (base 12) in base 4?
-11130
caf6 (base 16) to base 12
2609a
-1269 (base 13) to base 15
-b9c
What is 2cd (base 15) in base 2?
1010000011
13460 (base 7) to base 15
1148
-115 (base 6) to base 16
-2f
Convert 2113 (base 4) to base 6.
411
What is 4343 (base 14) in base 5?
332443
-266 (base 16) to base 7
-1535
What is -4307 (base 13) in base 4?
-2101112
What is -ef3 (base 16) in base 10?
-3827
2638 (base 9) to base 15
8be
What is 1846 (base 10) in base 9?
2471
What is 34b (base 12) in base 5?
3431
What is -11100000110 (base 2) in base 13?
-a84
Convert -22123 (base 4) to base 10.
-667
Convert -3741 (base 10) to base 14.
-1513
Convert -54da (base 14) to base 3.
-202011022
245 (base 8) to base 4
2211
Convert 3313 (base 5) to base 11.
387
156 (base 14) to base 3
101002
-12232 (base 6) to base 7
-5210
-318a (base 13) to base 10
-6874
120342 (base 6) to base 10
10502
Convert -20102022 (base 3) to base 2.
-1001001000111
What is -165 (base 1